visor of 180 and 116796528?
36
Calculate the highest common factor of 848 and 14227584.
16
What is the highest common divisor of 35966463 and 351?
39
What is the greatest common divisor of 30079832 and 53?
53
Calculate the greatest common factor of 11441 and 5192303353.
11441
What is the highest common divisor of 139425 and 264?
33
Calculate the highest common divisor of 24157 and 15843541.
3451
Calculate the highest common divisor of 844198504 and 8.
8
Calculate the highest common divisor of 91887369 and 2415.
483
Calculate the greatest common divisor of 304102881 and 642.
321
What is the greatest common factor of 39105 and 2640?
165
Calculate the highest common factor of 3199790 and 4642.
22
Calculate the greatest common factor of 1990 and 27946565.
995
Calculate the highest common divisor of 7207800 and 104960.
1640
What is the highest common divisor of 725900 and 8092?
476
What is the highest common divisor of 20402 and 2166046?
202
What is the greatest common divisor of 1471797 and 44?
1
Calculate the greatest common divisor of 448584 and 4776.
24
What is the greatest common divisor of 122212958 and 1407?
469
Calculate the highest common divisor of 23090 and 249542866.
4618
What is the greatest common divisor of 18 and 33928551?
9
Calculate the greatest common divisor of 138913788 and 59280.
2964
What is the highest common factor of 278 and 1117282?
278
What is the greatest common divisor of 9988862 and 312?
26
What is the highest common factor of 20880 and 119277?
261
Calculate the highest common factor of 36 and 3488548.
4
Calculate the greatest common divisor of 1464529 and 58.
29
Calculate the highest common divisor of 3824 and 63367743.
239
What is the greatest common divisor of 1330556 and 3283040?
1156
Calculate the highest common factor of 238 and 418595471.
119
Calculate the highest common factor of 13269 and 333219974.
4423
What is the greatest common factor of 2468 and 4020989?
617
What is the highest common factor of 336 and 178842?
6
Calculate the highest common factor of 187918291 and 10516.
2629
What is the highest common factor of 5028 and 8354441?
419
What is the greatest common divisor of 448371737 and 4103?
4103
What is the greatest common factor of 10621 and 428194?
559
Calculate the greatest common factor of 1170 and 1688621610.
390
What is the highest common factor of 70470 and 5615730?
2430
What is the highest common divisor of 389613 and 97146?
21
Calculate the greatest common divisor of 7 and 142466730.
7
Calculate the greatest common factor of 9256 and 52604162.
2314
What is the highest common divisor of 2955191306 and 422?
422
What is the highest common factor of 81 and 452558907?
81
What is the greatest common divisor of 247660407 and 7335?
1467
Calculate the greatest common factor of 898 and 1991092.
2
What is the greatest common factor of 95540274 and 18666?
1098
Calculate the highest common divisor of 1600 and 843050.
50
Calculate the highest common factor of 1168555 and 24505.
145
What is the highest common factor of 180 and 5552244?
36
What is the highest common factor of 495 and 55298540?
55
What is the highest common factor of 102982536 and 2149?
307
Calculate the greatest common divisor of 4630 and 1363472495.
2315
Calculate the greatest common divisor of 1440 and 1520710.
10
What is the highest common divisor of 3075040 and 1280?
160
Calculate the greatest common factor of 13629 and 1022406.
231
What is the greatest common factor of 438919172 and 118?
118
What is the greatest common factor of 17884 and 135932?
68
Calculate the highest common factor of 278 and 5475766.
278
Calculate the highest common divisor of 19 and 55811303.
19
What is the highest common divisor of 466560 and 334935?
405
What is the greatest common divisor of 255602 and 454?
454
Calculate the highest common divisor of 18547653 and 177.
177
What is the highest common factor of 2880 and 6728265?
45
Calculate the greatest common factor of 1636274 and 16348.
134
Calculate the greatest common divisor of 1833 and 9361131.
1833
What is the greatest common divisor of 153907 and 59?
1
Calculate the greatest common factor of 1529437 and 245.
49
What is the highest common divisor of 102313 and 404?
101
Calculate the highest common divisor of 246 and 112212654.
246
Calculate the highest common factor of 7 and 24129126.
7
Calculate the highest common factor of 628278 and 10878.
294
Calculate the greatest common divisor of 218560 and 45560.
40
Calculate the greatest common factor of 522191 and 83.
1
Calculate the highest common divisor of 3392 and 54599752.
424
What is the highest common divisor of 152674880 and 160?
160
Calculate the greatest common factor of 15528 and 153339.
1941
Calculate the highest common divisor of 60675372 and 48.
12
What is the highest common factor of 29489 and 305251?
797
What is the greatest common factor of 19773 and 61213659?
507
What is the highest common divisor of 413411032 and 289?
289
What is the greatest common divisor of 169212 and 97228068?
2868
Calculate the greatest common divisor of 241385 and 3749.
23
What is the greatest common divisor of 99601586 and 5?
1
Calculate the greatest common divisor of 1708 and 29871212.
1708
What is the greatest common divisor of 66667532 and 4?
4
What is the highest common factor of 3580424 and 50545?
919
Calculate the highest common divisor of 123793 and 14781511.
1567
What is the greatest common factor of 2323233 and 34782?
1023
What is the highest common divisor of 111305 and 139781?
113
What is the greatest common factor of 239090 and 5350?
10
What is the greatest common divisor of 10356493 and 147?
49
What is the highest common factor of 9594 and 2920635?
369
What is the highest common divisor of 23823 and 1177915?
2647
Calculate the highest common factor of 36250 and 24840.
10
Calculate the highest common factor of 7 and 8216600.
7
Calculate the highest common divisor of 110 and 6928526.
22
Calculate the greatest common divisor of 329376 and 24563040.
7008
Calculate the highest common divisor of 28634677 and 2939.
2939
What is the greatest common factor of 122162905 and 20?
5
What is the greatest common factor of 66200 and 12150?
50
Calculate the greatest common factor of 600 and 437685.
15
Calculate the highest common factor of 36230 and 3592.
2
What is the highest common factor of 39870 and 15159780?
90
Calculate the greatest common divisor of 6699 and 10887093.
609
Calculate the highest common factor of 29176990 and 3320.
830
What is the greatest common divisor of 82016949 and 303?
303
What is the greatest common divisor of 7798 and 20707032?
1114
Calculate the highest common factor of 5177 and 394909.
31
What is the highest common factor of 626 and 15906347?
313
Calculate the greatest common factor of 790 and 6105436.
158
Calculate the greatest common factor of 152698 and 3374.
14
Calculate the highest common factor of 3938366 and 1.
1
What is the greatest common factor of 69241 and 477173?
17
Calculate the greatest common divisor of 476 and 7229369.
119
Calculate the greatest common divisor of 8086 and 182181623.
4043
Calculate the greatest common divisor of 16121528 and 1230.
82
What is the greatest common divisor of 7943254 and 418?
418
What is the highest common divisor of 719684162 and 334?
334
What is the highest common divisor of 123180 and 19740?
60
Calculate the greatest common factor of 535 and 3542877.
107
What is the greatest common factor of 747669 and 2907?
57
Calculate the highest common divisor of 546 and 2979373761.
273
Calculate the highest common divisor of 5301 and 173205463.
589
Calculate the highest common factor of 47476296 and 14.
14
Calculate the greatest common factor of 15308 and 36404382.
178
What is the greatest common divisor of 155640 and 1830?
30
What is the greatest common factor of 22332893 and 913?
913
Calculate the greatest common divisor of 6699 and 1301993.
77
Calculate the highest common factor of 195605680 and 16.
16
What is the highest common divisor of 131517 and 13014?
27
What is the greatest common factor of 309499706 and 2396?
1198
Calculate the greatest common factor of 39348 and 184704.
12
What is the greatest common divisor of 51 and 2541108?
3
What is the greatest common factor of 583117 and 4471?
17
Calculate 